t p be (0*(-3 - (-7)/2))/(-1). Suppose p = -5*s + 139 + 36. What is the remainder when 172 is divided by s?
32
Let w(h) = h**2 - 6*h + 8. Let u = 40 - -33. Let g = u + -59. What is the remainder when g is divided by w(6)?
6
Let b = -248 + 286. What is the remainder when 112 is divided by b?
36
Suppose -6*x + 151 = -5. Calculate the remainder when 68 is divided by x.
16
Let b(q) = -2*q**3 + 14*q**2 - 9*q + 2 + 7 + q**3. Let u be b(11). Calculate the remainder when 42 is divided by 9/(-12) - u/(-12).
20
Let d(g) = 754*g. Let s be d(3). What is the remainder when s/24 - 2/8 is divided by 32?
30
Suppose -z = -5*q + 174, 2 = -z + 3. Calculate the remainder when 208 is divided by q.
33
Suppose 0 = 138*r - 137*r - 3*d - 19, 3*d - 93 = -3*r. Suppose -v - 2*p + 6 = -4, v - 10 = p. Calculate the remainder when r is divided by v.
8
Let y(f) = -f**3 + 4*f**2 + 14*f - 1. Let o = 18 + -12. Calculate the remainder when y(o) is divided by 2.
1
Suppose 100 = 2*p + 5*q - 107, -p + 2*q = -108. Calculate the remainder when p is divided by 54.
52
Let q = -17 - -19. Let w be 6/(-21) - (-32)/14. Suppose -h = -q*h + w*r + 83, 0 = 3*h - r - 244. Calculate the remainder when h is divided by 21.
18
Let p be 1 + (-6)/(-3)*(-2298)/(-12). Let m = 215 - 136. What is the remainder when m is divided by p/(-72)*(-3 + 0)?
15
Suppose 0 = -2*d - 5*x + 29, 3*d - 2*x = 6*d - 60. Suppose d = f + 3. What is the remainder when f is divided by 5?
4
Let f = -1328 - -1502. What is the remainder when f is divided by 12?
6
Let u(l) = l**3 + 16*l**2 + 13*l - 99. Calculate the remainder when 998 is divided by u(-14).
110
What is the remainder when 169 is divided by (38/(-10))/(((-42)/6)/35)?
17
What is the remainder when 686 is divided by ((-10)/3)/10*-345?
111
Suppose 13 = 2*j - 5*k, -2*j + 8 = -4*k - 0. Let w(c) = -c + 5. What is the remainder when 35 is divided by w(j)?
2
Suppose 600 = -5*q + 20*q. What is the remainder when 111 is divided by q?
31
Let d(o) = 10*o**2 + 4*o + 3. Let p = 21 - 45. What is the remainder when d(-3) is divided by (-300)/p - (-2)/(-4)?
9
Suppose -2*i + 48 = -4*o, 2*i - 5*o - 20 = 25. Let q(r) = -40*r - 1. Calculate the remainder when q(-3) is divided by i.
29
Suppose -2 + 18 = 4*k. Suppose -2*g + 60 = k*v, -2*v - 4*g + 68 = 2*v. Let r = -152 + 214. What is the remainder when r is divided by v?
10
Suppose 16*m = 14*m + 158. Let v = 31 - 22. Calculate the remainder when m is divided by v.
7
Let u(z) = -z + 1. Suppose 3 = 5*g - 27. Suppose -5*t - 29 = g. What is the remainder when 29 is divided by u(t)?
5
Let k(s) = 2*s - 150. Let i be k(0). Calculate the remainder when 1*(0 + (-4 - i)) - 0 is divided by 49.
48
Let g(s) = -4*s + 0 + 3 - 2. Let f = 59 + -21. Calculate the remainder when f is divided by g(-3).
12
Let y(z) = -8*z - 15. What is the remainder when ((-9126)/36)/((-6)/4) is divided by y(-4)?
16
Let q(j) = -j**3 + 11*j**2 - 17*j + 15. Let x(r) = 5*r**3 + 2*r**2 - 3*r + 3. Let o be x(1). Calculate the remainder when q(o) is divided by 25.
17
Let r(i) = 12*i - 30. Suppose -2*z = m - 146, 0 = -z + 6*m - 2*m + 55. What is the remainder when z is divided by r(4)?
17
Let t(c) = -2*c + 14. Let w be t(6). Let g be (6*3)/(4 - w). Let f(o) = -o**3 + 10*o**2 - 7*o + 2. What is the remainder when 38 is divided by f(g)?
18
Suppose -1 = -0*h + h. Let c be 0/h*(-2)/(-4). Suppose c = 4*q - 45 - 75. What is the remainder when q is divided by 8?
6
Let x(z) = 6*z**2 + 17*z - 117. What is the remainder when x(5) is divided by 28?
6
Let m(o) = -14*o - 8. Let q be m(-3). Suppose 0 = -4*j + 3*j + 5*x + q, 2*j - x = 23. Calculate the remainder when 17 is divided by j.
8
Let a = 6 - 3. Suppose -2*z + a*u - 29 = -3*z, -3*z + 147 = -3*u. What is the remainder when 174 is divided by z?
42
Suppose -2*v = -5*v + 942. What is the remainder when v is divided by 3?
2
Let j be (-142)/7 - -2 - (-28)/98. Calculate the remainder when (j/4)/((-13)/182) is divided by 16.
15
Let y = -10 + 17. Suppose 18 = y*q - q. Suppose -3*r - q*t = -66, 7*r - 90 = 2*r - t. What is the remainder when 30 is divided by r?
13
Let y = -1539 + 3458. What is the remainder when y is divided by 15?
14
Let p(c) = c + 51. What is the remainder when 121 is divided by p(-26)?
21
Let b(u) = u**2 - 4*u + 8. Suppose g = 3 + 2. Let p be b(g). Let d = p - 9. What is the remainder when 13 is divided by d?
1
Let q = -252 - -958. What is the remainder when q is divided by 101?
100
Let o = 36 - 12. Suppose 5*v + 2*s + 2*s = 9, -11 = -3*v - s. Calculate the remainder when o is divided by v.
4
Let o be 1 + 1 - (-67)/(-1). Let a = -91 - o. Let k = a - -96. Calculate the remainder when k is divided by 18.
16
Let q(a) = 3*a**2 - 8*a + 9. Calculate the remainder when 46 is divided by q(3).
10
Suppose -4*s + 34 = 2*a, 3*a - 7*s - 101 = -3*s. Calculate the remainder when a is divided by 7.
6
Suppose 47 + 181 = 19*z. What is the remainder when 23 is divided by z?
11
Suppose 10 = -4*d + 9*d. Calculate the remainder when 88 is divided by d.
0
Let i(d) = 9*d + 202. What is the remainder when ((-14)/(-4))/(2/28) is divided by i(-21)?
10
Suppose 4*w = 4*f + 135 + 429, -3*w + 2*f + 420 = 0. Calculate the remainder when w is divided by 28.
26
Let f(m) = m**2 + 20*m + 177. What is the remainder when f(-26) is divided by 58?
43
Let g = 35 + 276. What is the remainder when g is divided by 13?
12
Let t = 80 + 4. Suppose -2*l + 24 = -10. Calculate the remainder when t is divided by l.
16
Let s = 726 + -701. What is the remainder when (12 + -3)/(2/16) is divided by s?
22
Let h(s) = 3*s**2 - 8*s - 2. Let v be h(6). Suppose -2*d = -0*d - l - v, -5*d + 151 = -l. What is the remainder when 122 is divided by d?
29
Let k(l) = l**3 - l**2 + 3*l - 5. Let i = 41 - 38. What is the remainder when 64 is divided by k(i)?
20
Suppose 30 = -3*q - 36. Let c = q + 32. Calculate the remainder when 28 is divided by c.
8
Suppose 52 = 18*m - 38. Suppose -o + r = -8 - 7, o + 4*r = 20. Suppose -o = -m*z + 49. What is the remainder when 36 is divided by z?
10
Let b = -7 + -1. Let c = 20 + b. Calculate the remainder when ((-99)/(-12))/((-3)/(-12)) is divided by c.
9
Let c = 130 + -54. Calculate the remainder when c is divided by 13.
11
Let s(t) = -t**2 - 10*t - 21. Let d be s(-6). Suppose d*u + 4*h = 5*u - 18, 2*u - 21 = 3*h. Calculate the remainder when 133 is divided by u.
13
What is the remainder when 42 is divided by (-3)/4*(9 + -21)?
6
Suppose o = 4*o - 294. Calculate the remainder when o is divided by 34.
30
Let w = 10 - -7. Suppose -255 = -7*j + 207. Let a = 98 - j. What is the remainder when a is divided by w?
15
Let t = -1250 + 1449. What is the remainder when t is divided by 50?
49
Suppose 4*q + 3*r + 0*r - 165 = 0, -4*r - 183 = -5*q. Calculate the remainder when q is divided by 14.
11
Let l(x) = -x**3 + 2*x**2 + 25*x + 143. Calculate the remainder when l(0) is divided by 27.
8
What is the remainder when 393 is divided by (-893)/(-27) - 2/27?
30
Let w = -21 - -15. Let x = 0 - w. Let s(q) = 2*q**2 - 5*q + 3. Calculate the remainder when s(x) is divided by 12.
9
Let w = -15 - -14. What is the remainder when 43 is divided by -47*w/3 - (-2)/(-3)?
13
Suppose -6*b = -26*b + 3060. What is the remainder when b is divided by 13?
10
Let j(f) = -5*f**2 - 59*f + 7. Calculate the remainder when 68 is divided by j(-11).
17
Suppose 2*g = -3*d + 70, d - 5*g - 18 = -7*g. What is the remainder when 259 is divided by d?
25
Suppose -2*x = -3*n + 185, 4*n - x = 194 + 61. Suppose -3*f - 264 = f. What is the remainder when n is divided by (8/12)/((-2)/f)?
21
Let n(z) = 2*z**3 - 24*z**2 + z. Let j = 9 + -9. Suppose j*q - 105 = -3*q. Calculate the remainder when q is divided by n(12).
11
Let q = 14 + -9. Suppose -2*p + y = q*y - 76, -190 = -5*p - y. What is the remainder when 149 is divided by p?
35
Let c(p) = -p**3 - 17*p**2 - 21*p + 21. Calculate the remainder when c(-16) is divided by 34.
33
Let g(u) = u**2 + 8*u - 20. Let d be g(-10). Suppose d = 4*y, 0*q + 2*y = 5*q - 180. What is the remainder when q is divided by 19?
17
Calculate the remainder when 1168/(-24)*27/(-6) is divided by 28.
23
Let h(r) = 3*r - 12*r - 6*r**2 + 6 - 2 + 5*r**2. What is the remainder when ((-4)/(-2)*46)/2 is divided by h(-8)?
10
Let a(u) = -2*u**2 + 6*u - 6. Let v be a(1). Calculate the remainder when 140 i